3. Let r be m(-3). Let t = -167 - r. Suppose -4*s = 3*s - t. What is the tens digit of s?
6
Suppose -q - 16933 = -6*q - 4*r, -2*q - 4*r + 6778 = 0. What is the hundreds digit of q?
3
Let y(z) = -z + 2. Let o be y(-7). Let j(l) = -l**3 + 11*l**2 - 19*l + 8. Let h be j(o). Let t(v) = -107*v + 8. What is the hundreds digit of t(h)?
1
Suppose -2*g = -5*n - 7, -4*n - 5*g = 3 - 4. Let t(z) = -749*z**3 + 5*z**2 + 4*z + 1. What is the hundreds digit of t(n)?
7
What is the hundreds digit of 30/(8799/(-1100) + 8)?
0
Suppose 2*j = 5*q - 4674, 0 = 8*q - 7*q - 4*j - 942. Suppose 0 = 2*b - 8*y + 3*y - q, -2*b = y - 922. What is the units digit of b?
2
Suppose -4*j - 4*g = -21600, -5*g = 7*j - 3*j - 21600. What is the thousands digit of j?
5
Let o(t) = -2905*t + 800. What is the tens digit of o(-7)?
3
Let g = 13 - -84. Suppose 5*j + 5*z - z + g = 0, -2*z - 6 = 0. Let w(r) = r**3 + 16*r**2 - 25*r - 24. What is the units digit of w(j)?
2
Let v = 22 - 18. Let k be (-4)/3*(-6)/v. What is the units digit of (-3)/2*-68 + -3 - k?
7
Let l = 1683 - 3047. Let u = -441 - l. What is the tens digit of u?
2
Suppose 6*t - 1144 = 4*t + 3*x, -4*x + 16 = 0. Let p = 1008 - t. What is the tens digit of p?
3
Let d be -1 - 104/(-20) - 3/15. Suppose 237 + 951 = d*w. Let a = w + -179. What is the hundreds digit of a?
1
Suppose 6*c - 5764 = -868. Suppose -i = 5*b - 2046, -b = -3*b - i + c. What is the hundreds digit of b?
4
Suppose 609*t - 701*t + 1978828 = 0. What is the hundreds digit of t?
5
Let d = 77 - 74. Suppose 5*b - 24 = 4*p, 4*b - p - 5 = d*b. Suppose -b*t + 951 - 268 = 5*x, 154 = x - 5*t. What is the tens digit of x?
3
Let n be -72 + 65 + (-1 - -4). Let j(v) be the second derivative of -v**5/10 - v**4/4 - v**3/6 + 2*v**2 - v. What is the units digit of j(n)?
8
Suppose 2*a - 302 - 254 = -2*o, -a = -o + 276. Let k = o + 107. What is the tens digit of k?
8
Let p = 103 + -150. Let n = p + 47. Suppose n = -24*x + 20*x + 24. What is the units digit of x?
6
Suppose -6*p + 3*p - 24 = 0. Let g be (p/14)/(4/(-14)). Suppose -2*t + 4*o = -348, g*t + o = 7*t - 861. What is the hundreds digit of t?
1
Suppose 7*s = s + 18. Suppose 2*f = -2*m + 64, -s*f + 10*m + 102 = 7*m. Suppose -4*q = -5*z - f + 411, -3*z + 224 = -q. What is the units digit of z?
4
Suppose -2*a + 4*v = -0*v - 129616, v - 129636 = -2*a. What is the tens digit of a?
1
Suppose 3*f - 3296 = 3970. Suppose -3*w + f = -4*q, -5*w + 3*w + 1584 = 5*q. What is the hundreds digit of w?
8
Suppose -4*q - 17 = -t, -7*t = 4*q - 12*t + 21. What is the hundreds digit of q - ((-418 - (1 + 4)) + -4)?
4
Let v = 2183 + -2180. Suppose 2*k + k = 9. Suppose -3*g = k*c - 141, -v = -2*g + 1. What is the tens digit of c?
4
Let y(d) be the third derivative of -d**6/120 - 17*d**5/60 - 5*d**4/8 + 3*d**3 + 7*d**2. Let f be y(-16). Suppose 5 = f*n - 15. What is the tens digit of n?
1
Suppose 2 + 4 = 3*a. Suppose r + a*l - 321 = -2*r, -107 = -r - 4*l. Let t = -51 + r. What is the tens digit of t?
5
Let s be 2/8 + 268/16. Let l(g) = g**3 - 17*g**2 + 12*g - 32. What is the units digit of l(s)?
2
Let n = 39805 - 22526. What is the ten thousands digit of n?
1
Suppose 4*a + 32 = 3*a - 5*u, -2*u + 106 = -5*a. Let h be (-62)/a + (-8)/(-44). What is the tens digit of ((-28)/h)/(6/(-18))?
2
Suppose -15235 = 4*w - 4*h + 5*h, 5*w - 2*h + 19060 = 0. Let f be (-28)/(-154) + w/22. Let b = -83 - f. What is the tens digit of b?
9
Let f = 64 - 55. What is the units digit of (-78)/f*(22/(-4) - 2)?
5
Let i be (-158 - -5)/(-9) + -16. Suppose 0 = m + 4*m - 135. What is the units digit of (m + -4 - 4)*(2 - i)?
9
Let l be 8/(-28) + (-30)/(-7). What is the units digit of (1/3)/(l*(-3)/(-4392))?
2
Let w = 936 + -657. Let h = w + 158. What is the hundreds digit of h?
4
Let h(a) = -198*a**3 + 3*a**2 + 24*a + 56. What is the ten thousands digit of h(-4)?
1
Let d = -1091 - -796. Suppose -6*c + 7*c - 420 = 0. Let y = c + d. What is the hundreds digit of y?
1
Suppose 0 = 3*s - 3*m - 7953, 5*s - 3*s + m = 5314. Suppose 2*q - 1220 = 4*y - 158, s = 5*q + 5*y. What is the tens digit of q?
3
Suppose 36*p - 32*p + 5700 = 0. Let f = -696 - p. What is the tens digit of f?
2
Suppose 0 = 2*c + 3*p - 2*p - 5309, -3*c - 10*p = -7938. What is the units digit of c?
6
Let r = -65 - -273. Let l = r + -186. What is the units digit of l?
2
Let r(o) = o**3 + 13*o**2 - 7*o + 18. Suppose 11*t + 54 = 5*t. Let n be r(t). Suppose -3*h + 8*h = n. What is the units digit of h?
1
Let u(m) = -m**3 - 8*m**2 + 7*m - 15. Let d be u(-9). Let y(o) = -o**2 + 7*o - 12. Let i be y(d). Suppose i = c - 2*c + 52. What is the tens digit of c?
5
Suppose -4*c + 259412 = 44*s - 42*s, -5*s + 129738 = 2*c. What is the tens digit of c?
4
Suppose 60 + 44 = 4*l. Let h(r) = -76*r + 28 - 57 + l. What is the hundreds digit of h(-2)?
1
Let v be 1/4 + 432/64. Suppose -v*q + 406 = -6*q + 2*y, 2*q - y = 812. What is the hundreds digit of q?
4
Let v(q) be the second derivative of -q**4/6 + q**3/6 + 284*q**2 - 68*q. What is the hundreds digit of v(0)?
5
Let o(q) = 70*q**2 + q + 1. Let y be o(-1). Suppose -y = -3*g + 8*g. What is the units digit of 4/g + (-4776)/(-56)?
5
Let s = 23 - 33. Let v be 6 - (s/2 - -7). Suppose 265 = 4*r - 3*p + 29, 59 = r - v*p. What is the units digit of r?
9
Let k(x) be the first derivative of -x**4/4 - x**3/3 + 2*x**2 + 6*x - 18. What is the units digit of k(0)?
6
Let d be 854/(-6) - ((-40)/(-6) - 7). Let f = 21 - d. What is the units digit of f/2 + 18/12?
3
Let r(y) be the second derivative of 11*y**4/4 + 2*y**3/3 - 7*y**2 + 12*y + 3. What is the hundreds digit of r(3)?
2
Let l = -3631 + 4065. What is the hundreds digit of l?
4
Suppose 19*c = 67*c - 339744. What is the tens digit of c?
7
Suppose 137 = 5*n + 1257. Let d = n - -775. What is the units digit of d?
1
Suppose 32*v = -57*v + 804204. What is the units digit of v?
6
What is the thousands digit of 16421 + 21/(21/(-5))?
6
What is the hundreds digit of (-28)/210 - (-11)/((-1320)/(-6618736))?
1
What is the tens digit of -9 + (7 - -757) + 8?
6
Let w(j) = 45 + 0*j**2 - j**2 - 3*j - 10*j + 2*j**2. Suppose -25*r = -133 - 142. What is the tens digit of w(r)?
2
Let u = 30071 + -16949. What is the units digit of u?
2
Suppose x - 3*g + 6*g = 34, 4*x - 4*g = 72. Let z = x - -53. What is the tens digit of z?
7
Let u = 163 + -163. Suppose u = -4*i + 13*i - 1665. What is the units digit of i?
5
Let k(f) = 5183*f + 801. What is the tens digit of k(4)?
3
Let t be ((-20)/(-7))/(1 - 45/35). What is the units digit of 1/((9/30)/((-1962)/t))?
4
Let n(k) be the second derivative of 44*k**3/3 + 59*k**2/2 - k - 123. What is the thousands digit of n(17)?
1
Suppose 4 = 4*b, 4*b - b = 3*g - 3. Suppose 2*f + 6 = 4*l + 4*f, l = -4*f - g. Suppose -220 = -4*c + 5*s, 4*c = -3*s - l*s + 180. What is the units digit of c?
0
Let i = -375 - -375. Suppose 5*q + 764 = m, i*m - q = 2*m - 1583. What is the tens digit of m?
8
Let h = 14533 + -5266. What is the thousands digit of h?
9
Let d(x) = -27*x + 60. Suppose -9*v + 38 = -11*v. Let r be d(v). Let g = 846 - r. What is the units digit of g?
3
Suppose 0 = 4*v - 2429 - 1579. Let r = v - -77. What is the hundreds digit of r?
0
Let n(d) = -2*d**2 - 85*d - 7. Let q be n(-13). Suppose 14 = -4*k + 6, b + k = q. What is the units digit of b?
2
Let x(p) = p**2 + 10*p - 11. Let g be x(-13). Suppose b + g = -q + 3*q, 0 = -2*q - 4*b + 28. Suppose q*i - 640 = 4*i. What is the units digit of i?
4
Let l(b) = b**3 + 45*b**2 + 23*b + 75. What is the units digit of l(-41)?
6
Suppose -4*y + 5 = -11. Suppose y*x - 54 = -5*x. Suppose -p + 4*o + 151 = x*o, -2*p + 2*o = -296. What is the hundreds digit of p?
1
Suppose -4*i = 4*s - 8, 3*i + 0*i - s - 2 = 0. Suppose -r - i = 0, -m + 61 = 3*r + 14. Let o = m - 8. What is the tens digit of o?
4
Let g(o) = -o**3 + 2*o**2 + 6*o - 12. Let n be g(5). Let s = n + 54. What is the units digit of (-6)/s*(-9)/12*-10?
5
Let o(s) = 2*s**2 - 8*s + 2. Let y = 21 + -17. Let m be o(y). What is the units digit of (83/m)/((-4)/(-8))?
3
Let a be (-16)/(-2) + -1 + -71. Let t = a - -430. What is the tens digit of t?
6
Let d be 46/8 + 80/64. Let k be 8172/d + 5 + 124/(-28). Suppose -5*t + t + k = 0. What is the hundreds digit of t?
2
Suppose 194000 - 785084 - 34786 = -70*z. What is the hundreds digit of z?
9
Let x(p) = 2*p**2 + 5*